 of -j**3/3 + 15*j**2/2 - 13*j + 1. Is c(p) a composite number?
False
Let h(a) = -4*a - 10. Let q be h(-7). Let d = q - 13. Suppose 0*l = 5*v - l - 199, 0 = -d*l - 20. Is v a prime number?
False
Let j = 90 + 97. Let f = 540 - j. Is f prime?
True
Let j be 1109/6 + (38/12 - 3). Let a(f) = -4*f**2 - f + 2. Let m be a(-4). Let c = m + j. Is c a prime number?
True
Is (182/(-4) - 3)*(-5 - -3) composite?
False
Suppose -2*k + 4*n + 628 = 0, 3*k + 3*n + 370 = 1321. Suppose k = 4*a - 2*s, 0*a - 3*a + 3*s = -237. Is a a composite number?
False
Let b = -12 - -20. Let o(r) = 6*r - b*r - 29*r. Is o(-1) a composite number?
False
Let g(y) = 224*y**2 - 1. Is g(-1) prime?
True
Suppose 3*j + 2*o = -2*o + 500, 3*o = -2*j + 335. Suppose -3*r + j = -5. Is r a composite number?
True
Let w(o) = -2*o + 2. Let x = -21 + 17. Is w(x) a composite number?
True
Let t(u) = -10*u**3 + u**2 + 5*u + 3. Is t(-3) a prime number?
False
Suppose -3 - 482 = -5*i. Is i composite?
False
Suppose 1091 + 148 = 3*l. Is l composite?
True
Suppose -2*d + j = -j - 8, -12 = 3*j. Is 0 + 1 - (d - 45) a prime number?
False
Let f = 12 - 16. Let o(i) = 18*i + 1. Let x be o(1). Let t = f + x. Is t prime?
False
Let l be 6*((-2)/3 - -1). Suppose 7*j = l*j + 1645. Is j prime?
False
Suppose 0 = 5*l - 3*o - 18817, 2*l + l = 4*o + 11299. Is l prime?
True
Let z = -24 + 19. Let f = z - -42. Is f prime?
True
Let s = 861 + -574. Is s composite?
True
Let w(p) = 5 - 7 - p + 0*p. Let h be w(-5). Suppose -5*l + h*o = -635, -3*o = -0*o. Is l a composite number?
False
Suppose -862 = -4*n - 3*k, -3*n + 0*n + 657 = -3*k. Is n composite?
True
Let g(z) = 22*z + 4. Let x be g(5). Let q = x + -67. Is q a composite number?
False
Let i(p) = -7*p - 2. Let b be i(8). Let z = 101 + b. Is z composite?
False
Let w = -737 + 1230. Is w a prime number?
False
Suppose 0 = 2*c - 4*m - 62, c + 2*m - 50 = -c. Suppose -3*b + 305 = 5*s, -2*b - 3*s = c - 229. Is b composite?
True
Let c(q) = -2*q - 4. Let k be c(-3). Suppose -3*v = -2*v - k. Is (-1)/((0 - 1)/v) composite?
False
Let h(g) = -3 - 1 - 5*g**3 + 4 + 1. Let b be h(1). Let f = -1 - b. Is f a prime number?
True
Suppose 2*f + 1 = f, -5*f = b - 122. Is b a composite number?
False
Suppose -3*a + 52 = a. Let q(h) = -10*h - 7*h + 3*h - a*h + 1. Is q(-6) a prime number?
True
Is ((-132)/(-1) - 3) + -2 a composite number?
False
Let u = -1 + 2. Suppose 0*y - 3*y - 117 = 0. Is -1 + (y - u)*-1 a prime number?
False
Suppose 4*n = -n - 25. Let r be 5*(-1 + (-9)/n). Let c = r - -15. Is c a composite number?
False
Let d = 12 + -4. Is 0 - -40 - (d + -6) a prime number?
False
Suppose w - 3*h - 85 = -0*h, 0 = 4*h + 20. Suppose -f = -141 - w. Is f prime?
True
Let p = 10 - 5. Suppose 3*b - 48 = -3*w - b, p*w - 5*b - 80 = 0. Suppose -n + 5*n = w. Is n prime?
False
Suppose 5*f - 1114 = 3*f. Is f a prime number?
True
Let q be (-5)/5*(0 - 3). Let g = -1 - -6. Suppose -167 - 56 = -5*m - q*i, g*i = -20. Is m a composite number?
False
Suppose -h + m + 4 = -0, -3*h = m - 8. Is (2 - 1)*381/h a composite number?
False
Let c = -33 + 14. Let p = c + 37. Let a = 71 - p. Is a a prime number?
True
Let s(c) be the first derivative of -c**4/4 - 2*c**3 + 13*c**2/2 + 9*c + 2. Suppose -5*x + 5*m + 30 - 85 = 0, -43 = 5*x - m. Is s(x) a composite number?
True
Suppose -49 = 5*y + 3*z, 3*z = 2*z - 3. Is y/(-52) + 7926/26 a composite number?
True
Suppose 4*p + 5*b - 820 = 0, -5*p = -p + 3*b - 828. Suppose -3*l = 2*l - p. Is (-10)/(-3)*l/4 composite?
True
Let i(s) = 5*s**2 + 3*s - 3. Suppose 13 = -5*o + 4*p, -4*p + p + 8 = -2*o. Let k be 8/(-6)*(2 - o). Is i(k) a composite number?
True
Let f = 67 + -148. Let j = f - -140. Is j composite?
False
Let g(v) = 7*v**2 + 5*v - 10. Let l be g(8). Let i = l + 19. Is i a composite number?
True
Let z = 1023 + 24. Let o = z + -636. Is o prime?
False
Let c(x) = -x**3 - 2*x**2 + 2*x - 2. Let n be c(-3). Is 55/n + -1 + 1 prime?
False
Suppose -5*f - 5 = -6*f. Suppose -3*h - c + 429 = 2*c, -f*h = 2*c - 709. Is h prime?
False
Let h be (8/4 + -1)*67. Suppose -5*w = -h - 28. Is w a prime number?
True
Suppose -3*d + 7 = -u + 69, 4*u = 5*d + 227. Is u composite?
False
Let o be 9*(-1 + 0 - 3). Let i = -984 + -284. Is i/o - 4/18 prime?
False
Let m(c) = -c**3 + c**2 - 2*c + 1. Let x be m(-3). Suppose 5*f - 108 = f + 4*w, 5*w = f - x. Is f composite?
False
Let s be (-9)/2*262/(-3). Suppose 0*r = 2*l + 3*r - 262, -r - s = -3*l. Is l prime?
True
Suppose -5*z = 4*n + 15, -2*z - 2*z - 1 = n. Suppose -2*g + z = -1. Is (-6)/(g + (-49)/47) prime?
False
Let m(u) = u**3 - 6*u**2 + 7*u - 6. Let w be m(5). Suppose -w*r + 2*r - 104 = -2*v, -r + 160 = 3*v. Is v prime?
True
Suppose 4*w + y = -4*y + 393, w + y - 99 = 0. Is w/(-3)*10/(-4) a prime number?
False
Suppose 0 = 5*d + 1 + 19. Let x = -7 - d. Is -3*(97/x)/1 a composite number?
False
Suppose -4*y + 5 = -y + 4*g, -5*y - 5 = 4*g. Let t = y + 11. Suppose -3*l - z - z = 0, 0 = -2*z - t. Is l composite?
False
Let o(j) = -4*j - 1. Let s be o(-1). Let i = s + 3. Let u(h) = 2*h**2 - 7*h - 4. Is u(i) composite?
True
Suppose -5*d + 3*j + 1997 = -0*j, 5*d = -j + 1981. Let s = -270 + d. Is s prime?
True
Suppose -4*x + 115 = -3*x - v, v = -4*x + 480. Is x a prime number?
False
Let h = 16 + -10. Let j(y) = 15*y - 3. Is j(h) composite?
True
Suppose 5*l = -4*g + 2811, 0 = -3*g + l - 0*l + 2132. Is g a composite number?
False
Suppose 5*d - x = 952, d - 2*x - 182 = x. Is d composite?
False
Let c(s) = -s**2 + 2*s - 3. Let v be c(2). Let h be (-1)/(v/(-27)*-1). Let n = h + -6. Is n a prime number?
True
Let m(a) = -a**3 + 4*a**2 - 3*a + 3. Let o be m(2). Suppose 0 = o*s - 0*s - 445. Is s prime?
True
Let q(k) = 33*k**3 + 3*k**2 - 4*k + 3. Let a be q(2). Suppose 5*o - 13 = -3. Suppose h - 3*r = a, -h + o*r + 113 = -154. Is h a composite number?
True
Let u(n) = 6*n + 3. Let c be u(-2). Let o = 15 + c. Is o/15 + 273/5 a composite number?
True
Suppose -4*o - o = -18885. Is o prime?
False
Suppose -1765 = -2*a + k + 1536, -5*k = -5*a + 8250. Is a prime?
False
Let q be (-3)/(-1)*-1*34. Let w = -193 - q. Let n = -54 - w. Is n prime?
True
Is (-2)/4*(-5 + -669) a composite number?
False
Let u(s) = -35*s**2 + 5*s - 1. Let d(x) = 2*x + 2*x - x**2 - 3*x. Let i(v) = 3*d(v) - u(v). Is i(1) a composite number?
False
Suppose -r + 2*r - 3 = -m, -4*r + m + 7 = 0. Let b be (r - 4)/(4/(-6)). Suppose 4*j + 0*u = -b*u + 31, -u = 3. Is j a prime number?
False
Suppose 2*u - 12 = -2. Suppose u*k - 82 = 138. Suppose -2*n - 4*r + 46 + k = 0, 3*r = -n + 50. Is n composite?
True
Let n(g) = 25*g**2 - 1. Let a be n(-1). Suppose a = 4*t - 0*t. Is t/((0 + -1)*-2) a composite number?
False
Suppose -3*x = 2*x + o + 26, 5*x - 4*o = -21. Let u be (4/(-10))/(1/x). Suppose u*z + 2*z = 84. Is z a composite number?
True
Suppose -4*m = -5*o - 7036, 0 = -3*m + o + 3272 + 2005. Is m a prime number?
True
Let z = -30 - -30. Let v = -5 + 12. Suppose 4*y + z*d - 5*d + v = 0, 5*d - 19 = -2*y. Is y composite?
False
Let l(q) = q + 49. Let r be l(0). Suppose r = -4*b - 19. Let s = -2 - b. Is s prime?
False
Let x(g) = -g**3 - 9*g**2 - 9*g + 7. Suppose 27 = -3*k + h, -k - 4*k - 49 = -3*h. Is x(k) prime?
False
Let c = -5 - -9. Let s be 18/c - (-4)/8. Suppose -3*q + 57 = -3*b, b + 2*b - 127 = -s*q. Is q a composite number?
False
Is 346/18 + (-4)/18 prime?
True
Let h(s) = 52*s**2 + 2*s - 1. Let b be h(1). Let f = 158 + b. Is f prime?
True
Let p(t) = -t**2 - 3*t. Let x be p(-4). Let o = x + 4. Let j(r) = -r**2 + r + 19. Is j(o) a composite number?
False
Let o be 76/(-3) + 3/9. Let m = -14 - o. Is m a prime number?
True
Let l be ((-2)/5)/(5/(-50)). Suppose -l*g - 4*z - 131 = -375, -5*g = 3*z - 299. Let u = 101 - g. Is u a composite number?
False
Let p(i) = 12*i - 5*i**2 - 5*i**2 + 5*i**2 + 4*i**2. Let x be (-1)/2*2 - -6. Is p(x) a prime number?
False
Let o(g) = -g**2 + 4*g. Let u be o(2). Suppose -3*s - 1 = 2, -u*s - 4 = -5*h. Suppose h = 2*d - 6*d - 3*l + 400, -5*l - 271 = -3*d. Is d composite?
False
Let k = 5 - 1. Suppose 0*g + 2396 = k*g. Suppose -3*d - 6*n = -n - g, 4*d - 808 = -2*n. Is d prime?
False
Is (3 - (-1 + -198)) + -3 a composite number?
False
Let o = -2 + -3. Is (-1 - (o + 2)) + 51 a prime number?
True
Is ((-16)/(-32))/((-2)/(-5188)) composite?
False
Let l be 6/4 + 3102/(-12). Let j = -175 - l. Is j a composite number?
True